3*h**4/24 + 119*h**3/6 - 2*h**2 + 1905*h. Give l(-8).
-1
Let h(b) = -6*b**3 - b**2. Let f be (4*12/16)/(0 + 1). Let r be -1 - (-4)/6 - (-40)/f. Suppose -5 = -18*w + r*w. What is h(w)?
-7
Let r(a) = -a + 5 - 2*a + 4*a. Let p be (29/2)/(6/(-144)). Let k be p/36 + 2/(-3)*-1. Calculate r(k).
-4
Let x(i) = i**2 - 3*i - 8. Let c(w) = 4*w + 44. Let v be c(-5). Suppose v = 92*f - 88*f. Determine x(f).
10
Suppose -5*l + 14 = n - 18, -5*n + 55 = 4*l. Let f(y) be the third derivative of -y**4/24 + 5*y**3/3 - 5*y**2. Calculate f(n).
3
Let a(w) = -3*w**2 - 21*w - 21. Let f(s) = 6*s**2 + 49*s + 89. Let z be f(-5). Give a(z).
-3
Let k(t) = -1 - t**2 + 4 + 9*t - 3*t - 7. Suppose 0*l = 6*l - 2*b - 28, 3*b - 10 = -4*l. What is k(l)?
4
Suppose 0 = 5*d - 46 - 184. Let a = -44 + d. Let b(t) = 17*t - 18*t**a + 17*t**2 - 7*t - 13. Give b(9).
-4
Suppose -83*q - 1051 - 1237 = -296. Let g(j) = -j**2 - 35*j - 269. What is g(q)?
-5
Let k(u) = 4*u**2 - u**3 + 10 + u**2 + 2*u - 9*u. Let t(x) = -47*x + 615. Let d be t(13). What is k(d)?
-2
Suppose -3*z - 3 = 0, -100 = 14*h - 19*h - 5*z. Let f = 16 - h. Let y(o) = o**3 + 7*o**2 + 7*o + 7. Give y(f).
22
Let y(h) = -h + 5. Suppose -3*u - 15 = c + 4, -4*c + 8 = 0. Let s(g) = -g + 7. Let m(q) = u*y(q) + 6*s(q). Let k = -27 + 24. Give m(k).
4
Let n(j) = j**2 - 2. Let i be 6*6/(-198) - 48/(-22). Suppose -i*v - 17 = -5*b, -5*b - 2*v = -5*v - 18. Give n(b).
7
Let g = 8 + -13. Let y(v) be the third derivative of v**6/120 + v**5/10 + v**4/6 - 2*v**3/3 - 1064*v**2. Give y(g).
1
Let f = -254 - -266. Suppose -3*p - a + 45 = -f, -p + 21 = a. Let q(i) = i**3 - 18*i**2 - i + 22. Give q(p).
4
Let w be -5 + 114/9*-45. Let t = 576 + w. Let a(f) be the first derivative of 9*f**2/2 - 1. What is a(t)?
9
Let g(b) be the first derivative of b**4/4 + 25*b**3/3 - 53*b**2/2 + 18*b + 2578. Calculate g(-27).
-9
Let a(q) be the second derivative of -5*q**4/12 - 3*q**3/2 - 2*q**2 - q - 1284. Calculate a(-4).
-48
Let g(b) = b**2 + 5*b - 1. Suppose 0*y + 16 = -2*d - 4*y, -d = 3*y + 10. Let l be g(d). Let c(w) = w**3 + 7*w**2 + 10*w - 4. Determine c(l).
-4
Let i(h) = 2*h**2 - 14*h + 12. Let a be i(6). Let m be (124 - 2)/2 + a. Let j(u) = m - 105 + u + 49. Give j(-8).
-3
Let q(g) = 2*g**2 - 8*g + 4. Let o(j) = -3*j**2 + 9*j - 3. Let m(d) = -3*o(d) - 4*q(d). Suppose -5*c - 50 = 5*h, -c - h + 14 = -4*c. Give m(c).
-1
Let f be ((-26)/(-169))/(21/(-1365)). Let n(g) = g**3 + 8*g**2 - 23*g + 16. What is n(f)?
46
Let x(k) = k**3 + 2*k**2 - 2*k + 10. Let m(i) = 2*i**3 + 6*i**2 - 7*i + 19. Let l(g) = -3*m(g) + 5*x(g). Calculate l(-8).
-95
Let v be -2*((-2)/(-7) - 96/(-56)). Let m(c) = -5*c**2 - 10*c - 2. Let h be m(v). Let z = -36 - h. Let a(g) = -g + 1. What is a(z)?
-5
Let t(n) be the third derivative of -n**8/20160 + n**7/630 + n**6/360 + 4*n**5/5 - 71*n**2. Let g(p) be the third derivative of t(p). Determine g(9).
-7
Suppose 0 = x + 3*r, -2*r - 1 = -4*x + 13. Let a(s) = s**2 + s - 12. Determine a(x).
0
Let a(w) = -w - 1. Let n be (-3)/33 - 320/110. Let y be 15/((-25)/(-5))*(n + 1). Determine a(y).
5
Let s(w) = 6*w - 8. Let z be s(-8). Let q be 22 + 0 + z/14. Let t = 27 - q. Let m(l) = l**3 - 9*l**2 - l + 4. Give m(t).
-5
Suppose -85*m = 27*m. Let h(o) = -o**2 + o + 46. Determine h(m).
46
Let m(g) = -67*g. Let k be 1968/1312*4/(-6). Calculate m(k).
67
Suppose 0 = 5*u - 3 - 27. Let r = 163 + -156. Let o(n) = -6*n - 6*n**3 + r*n**2 + 5*n**3 + 345 - 346. Calculate o(u).
-1
Let p(a) = a**3 - 7*a**2 - 11*a + 81. Let i be p(7). Let s(j) = j + 33. Let r(c) = c - 1. Let t(d) = i*r(d) - s(d). What is t(11)?
-4
Let f = -4 + -2. Let s(o) = 6*o - 11. Let i(m) = 14*m - 23. Suppose 0 = -7*x - 11 + 74. Let p(w) = x*s(w) - 4*i(w). Give p(f).
5
Let t(i) = 2*i**3 - 2*i**2 - 3*i - 2. Let x(l) = -5*l**3 + 5*l**2 + 7*l + 5. Let v(s) = -7*t(s) - 3*x(s). Let y = 236 + -68. Let z = 170 - y. What is v(z)?
3
Let v(n) = 9*n + 129. Let w be (14/(-2))/((-563)/(-1126)). Give v(w).
3
Let i(f) = 3*f**2 - 14*f + 10. Suppose 17*m - 49 = -32 + 85. Calculate i(m).
34
Let t = 274 + -270. Let f(w) = -6 - 3*w**2 + t*w**2 + 7*w**2 + 11*w**3 - 10*w**3 + 4. Give f(-8).
-2
Let g(k) = k**3 - 9*k**2 + 15*k - 10. Let c be (14/(-4))/(-7*(-15)/(-210)). Determine g(c).
-3
Let i(a) = 0*a - 11164 + 11171 + 3*a + 0*a. Let y(x) = x**3 + 5*x**2 + 6*x + 3. Let q be y(-4). Calculate i(q).
-8
Let v(r) be the first derivative of -2*r**3/3 + 2*r**2 + 3*r + 2. Suppose 5*y - 2*x = -36, -y - 2*y - 5*x - 3 = 0. Let b be (-29)/3 + 8 + 2/y. What is v(b)?
-13
Let f(b) be the second derivative of 3*b + 1/4*b**4 - 12 - 1/3*b**3 - 1/20*b**5 + 2*b**2. Determine f(3).
-2
Let s(v) = v + 1 + 8 - 3*v. Let l be ((-8)/12)/((-6)/72). What is s(l)?
-7
Let o(y) = -33*y**2 - 6. Let v(p) = 95*p**2 - p + 16. Let n(s) = -23*o(s) - 8*v(s). Let m = -2 + 11. Give n(m).
1
Suppose 3*r - 31 = -w, -w = 11*r - 13*r + 29. Let d(q) = -q + r*q - 4*q - 6*q - 3. Suppose -4*h + 5*u - 5 = 4*u, -5*u = 3*h - 25. Calculate d(h).
-3
Let a(l) = l**3 + 5*l**2 - 7*l - 38. Let f(o) = 188*o + 3942. Let d be f(-21). Calculate a(d).
-32
Let w(m) = 5*m**3 - m - 2. Let s(h) = -h**2 - 31*h + 104. Let x be s(3). Calculate w(x).
36
Let o(k) = -k**2 - 11*k - 24. Let j(g) = 3*g**2 - 20*g - 16. Let i be j(7). Calculate o(i).
-6
Suppose -18 = 3*v, -v - 2 = 24*u - 20*u. Let c(j) = -62*j**2 + 1. Calculate c(u).
-61
Let o(x) = x**2 + x + 1. Let g(l) = 99*l**2 - 8*l - 6. Let n(d) = g(d) + 5*o(d). Let p be n(-1). Let y(u) = 2*u + 106 - 15*u - p. Determine y(-2).
26
Let r(g) be the third derivative of 19*g**4/24 + 37*g**3/6 + 2*g**2 - 22*g. Let i be r(-2). Let s(q) = 4*q**3 - 2*q - 1. Give s(i).
-3
Let v be -5*(21 + -20)/(2/2). Let k(h) = -15*h**2 - 71*h + 7. Give k(v).
-13
Let y(t) be the second derivative of -t**4/4 + t**3/6 + 2*t**2 - 18*t - 19. Calculate y(-3).
-26
Let r be (-282)/(-27) - (-12)/(-27). Let l(v) = -6*v + 68. Calculate l(r).
8
Let g(b) = 3*b + 11. Suppose -4*p + 5*y + 11 = 2*y, 0 = p - y - 2. Suppose -i - p*u = 15, 9*u + 5 = i + 4*u. Give g(i).
-4
Let o(i) = 33*i - 85. Suppose 0 = -144*z + 4*z + 420. Determine o(z).
14
Suppose -5*w + 2*z + 92 = -4, 3*z = -9. Suppose 2*q = 10, w*q + 35 = -5*v + 23*q. Let n(y) = -4*y**3 - 3*y - 3. What is n(v)?
35
Suppose 4*o = 3*i + 20, -5*o + 3*o = -3*i - 10. Let m(l) be the second derivative of 1/6*l**3 + i + l**2 + 15*l. What is m(-2)?
0
Let w = -73 + 53. Let v be 3*42/(-36)*w/7. Suppose 11*o = v*o + 3. Let g(r) = -r**2 + 3*r - 4. What is g(o)?
-4
Let o = 891748 - 891745. Let k(p) be the first derivative of 2*p**3/3 + p**2/2 - 2*p - 1. What is k(o)?
19
Let i(o) be the second derivative of o**4/12 + o**3/2 - 31*o**2 + 1688*o. What is i(6)?
-8
Let b(r) = 8*r - 2. Suppose 5*t + f - 42 = 0, 3 = -4*t + 3*t - 4*f. Suppose 0 = -4*w - t + 1. Determine b(w).
-18
Let n = 13149 + -13143. Let c(g) = 5 - 5 + g**2 + 2 - 10*g. Determine c(n).
-22
Let a be 50/6*(-126)/(-105). Let u(n) = -14*n + 136. What is u(a)?
-4
Let i(z) = 2*z**2 + 1. Let a(q) = 7*q**2 + 7*q + 1. Let r = 844 - 845. Let n(j) = r*a(j) + 4*i(j). Calculate n(9).
21
Let t(p) = 2*p**2 - 4*p - 27. Let o be (40 - 48) + 1 + 0/1 + 7. Determine t(o).
-27
Let v(y) = 5*y - 5. Let m(x) = -2*x - 14. Let t(l) = -m(l) - v(l). Determine t(8).
-5
Let r(i) = -8 + 6*i - 3*i - 4*i. Suppose 10*z + 580 = -48*z. Determine r(z).
2
Let h(k) = -11*k**2 + k + 1. Let u(o) = 32*o**2 - 12*o - 7. Let j(i) = -3*h(i) - u(i). Determine j(-6).
-14
Let c(l) = 2*l - 1. Let y = 7 + -2. Suppose 28 = -3*b + y*b. Suppose 0 = -4*z - b + 6. What is c(z)?
-5
Let a = -110 - -109. Let w(f) be the third derivative of f**5/6 - 45*f**2. Determine w(a).
10
Let s(u) = -17*u + 4. Let b(j) = 13*j - 3. Let t = -90 - -88. Let g(a) = t*s(a) - 3*b(a). Suppose -q = -2*w + 10 - 1, 19 = -3*q + 4*w. Give g(q).
6
Let m(g) = g**2 - 6*g + 3. Let o be m(6). Suppose 0 = 9*l - 82 + 10. Let k(p) = -14*p**2 - 1 + 5 + 7*p**2 + l*p**2. What is k(o)?
13
Suppose -t = 2 - 0. Let b(m) = 34*m**2 + 56*m + 39. Let x(i) = -14*i**2 - 23*i - 16. Let l(k) = 5*b(k) + 12*x(k). What is l(t)?
3
Suppose 35*m - 231 = 2*m. Let i(k) = -3*k**2 + 15*k - 47. Let z(g) = g**2 - 5*g + 16. Let n(x) = 6*i(x) + 17*z(x). Give n(m).
-24
Let l(n) = -7*n**2 - 2*n + 3. Let c(i) = -17*i + 19*i**2 + 37*i - 17*i - 7 - 3*i**2. Let z(f) = -4*c(f) - 9*l(f). Determine z(3).
10
Let b(h